{"id":48,"date":"2025-01-24T11:14:21","date_gmt":"2025-01-24T11:14:21","guid":{"rendered":"https:\/\/zavodskofljica.si\/?page_id=48"},"modified":"2025-01-30T14:37:32","modified_gmt":"2025-01-30T14:37:32","slug":"o-zavodu","status":"publish","type":"page","link":"https:\/\/zavodskofljica.si\/index.php\/o-zavodu\/","title":{"rendered":"O zavodu"},"content":{"rendered":"<p>Namen Zavoda za turizem, kulturo, \u0161port in mladino \u0160kofljica je spodbujanje razvoja in u\u010dinkovito upravljanje dejavnosti na podro\u010djih, za katera je zavod pristojen &#8211; <a href=\"https:\/\/zavodskofljica.si\/index.php\/kultura\/\">kultura<\/a>, <a href=\"https:\/\/zavodskofljica.si\/index.php\/turizem\/\">turizem<\/a>, <a href=\"https:\/\/zavodskofljica.si\/index.php\/sport\/\">\u0161port<\/a> ter <a href=\"https:\/\/zavodskofljica.si\/index.php\/mladina\/\">mladino<\/a>.<\/p>\n<p>Glavni cilj delovanja zavoda je izbolj\u0161anje kakovosti \u017eivljenja vseh generacij lokalnega prebivalstva. Z razvojem dejavnosti lokalna skupnost pridobiva nove ali izbolj\u0161ane mo\u017enosti za aktivno in ustvarjalno pre\u017eivljanje prostega \u010dasa, za dru\u017eenje, kulturno udejstvovanje ter za razvoj, predstavitev in tr\u017eenje lokalnih produktov in storitev. Pove\u010danje \u0161tevila aktivnosti in okrepljeno delovanje na podro\u010dju kulture, \u0161porta, umetnosti in mladinskih programov prispevata tudi k ve\u010djemu turisti\u010dnemu potencialu in prepoznavnosti \u0160kofljice z okolico.<\/p>\n<p>Osrednja usmeritev zavoda je krepiti prepoznavnost \u0160kofljice kot zelene, buti\u010dne turisti\u010dne destinacije. Zavod razvija vsebine in dogodke, ki obiskovalcem ponujajo unikatna do\u017eivetja in zgodbe. Bli\u017eino prestolnice moramo prepoznati kot enkratno prilo\u017enost s povezovanjem s dele\u017eniki kulture <a href=\"https:\/\/www.visitljubljana.com\/\">Ljubljana<\/a>. Zavod pri nadaljnjem razvoju sodeluje s partnerji iz drugih ob\u010din v regiji.<\/p>\n<p>Da bi v celoti izkoristili turisti\u010dni potencial \u0160kofljice in ohranili njene prednosti, zavod deluje skladno z na\u010deli trajnostnega razvoja. Ta vklju\u010dujejo odgovorno ravnanje do okolja in dru\u017ebe tako na kratki kot na dolgi rok. Projekti zavoda spodbujajo za\u0161\u010dito naravne in kulturne dedi\u0161\u010dine, varstvo okolja, socialni razvoj, zmanj\u0161evanje neenakosti ter odgovoren gospodarski razvoj, ki pove\u010duje splo\u0161no dru\u017ebeno blaginjo.<\/p>\n<p>Zavod si prizadeva izbolj\u0161ati kakovost bivanja v ob\u010dini \u0160kofljica, saj je zadovoljno, dejavno in povezano lokalno prebivalstvo klju\u010dna osnova za razvoj uspe\u0161ne turisti\u010dne zgodbe, spodbujanje kulturnih in \u0161portnih dejavnosti ter razvijanje potencialov mladih.<\/p>\n<p><strong>Osnovne naloge in vloga zavoda:<\/strong><\/p>\n<ul>\n<li>organizacija dogodkov in prireditev (kulturno-umetni\u0161kih, \u0161portnih, izobra\u017eevalnih: predavanja, simpoziji, seminarji, delavnice; turisti\u010dnih, otro\u0161kih),<\/li>\n<li>strate\u0161ko vodenje in koordinacija subjektov, storitev in aktivnosti,<\/li>\n<li>razvoj vsebin in storitev,<\/li>\n<li>izdajanje publikacij,<\/li>\n<li>analiziranje potreb na podro\u010djih delovanja in iskanje re\u0161itev,<\/li>\n<li>promocija in predstavitev \u0160kofljice in okolice (mediji, splet, turisti\u010dni sejmi \u2026),<\/li>\n<li>pridobivanje sredstev,<\/li>\n<li>upravljanje z objekti,<\/li>\n<li>razvoj dejavnosti.<\/li>\n<\/ul>\n","protected":false},"excerpt":{"rendered":"<p>Namen Zavoda za turizem, kulturo, \u0161port in mladino \u0160kofljica je spodbujanje razvoja in u\u010dinkovito upravljanje dejavnosti na podro\u010djih, za katera je zavod pristojen &#8211; kultura, turizem, \u0161port ter mladino. Glavni cilj delovanja zavoda je izbolj\u0161anje kakovosti \u017eivljenja vseh generacij lokalnega prebivalstva. Z razvojem dejavnosti lokalna skupnost pridobiva nove ali izbolj\u0161ane mo\u017enosti za aktivno in ustvarjalno [&hellip;]<\/p>\n","protected":false},"author":1,"featured_media":0,"parent":0,"menu_order":0,"comment_status":"closed","ping_status":"closed","template":"","meta":{"ocean_post_layout":"","ocean_both_sidebars_style":"","ocean_both_sidebars_content_width":0,"ocean_both_sidebars_sidebars_width":0,"ocean_sidebar":"0","ocean_second_sidebar":"0","ocean_disable_margins":"enable","ocean_add_body_class":"","ocean_shortcode_before_top_bar":"","ocean_shortcode_after_top_bar":"","ocean_shortcode_before_header":"","ocean_shortcode_after_header":"","ocean_has_shortcode":"","ocean_shortcode_after_title":"","ocean_shortcode_before_footer_widgets":"","ocean_shortcode_after_footer_widgets":"","ocean_shortcode_before_footer_bottom":"","ocean_shortcode_after_footer_bottom":"","ocean_display_top_bar":"default","ocean_display_header":"default","ocean_header_style":"","ocean_center_header_left_menu":"0","ocean_custom_header_template":"0","ocean_custom_logo":0,"ocean_custom_retina_logo":0,"ocean_custom_logo_max_width":0,"ocean_custom_logo_tablet_max_width":0,"ocean_custom_logo_mobile_max_width":0,"ocean_custom_logo_max_height":0,"ocean_custom_logo_tablet_max_height":0,"ocean_custom_logo_mobile_max_height":0,"ocean_header_custom_menu":"0","ocean_menu_typo_font_family":"0","ocean_menu_typo_font_subset":"","ocean_menu_typo_font_size":0,"ocean_menu_typo_font_size_tablet":0,"ocean_menu_typo_font_size_mobile":0,"ocean_menu_typo_font_size_unit":"px","ocean_menu_typo_font_weight":"","ocean_menu_typo_font_weight_tablet":"","ocean_menu_typo_font_weight_mobile":"","ocean_menu_typo_transform":"","ocean_menu_typo_transform_tablet":"","ocean_menu_typo_transform_mobile":"","ocean_menu_typo_line_height":0,"ocean_menu_typo_line_height_tablet":0,"ocean_menu_typo_line_height_mobile":0,"ocean_menu_typo_line_height_unit":"","ocean_menu_typo_spacing":0,"ocean_menu_typo_spacing_tablet":0,"ocean_menu_typo_spacing_mobile":0,"ocean_menu_typo_spacing_unit":"","ocean_menu_link_color":"","ocean_menu_link_color_hover":"","ocean_menu_link_color_active":"","ocean_menu_link_background":"","ocean_menu_link_hover_background":"","ocean_menu_link_active_background":"","ocean_menu_social_links_bg":"","ocean_menu_social_hover_links_bg":"","ocean_menu_social_links_color":"","ocean_menu_social_hover_links_color":"","ocean_disable_title":"default","ocean_disable_heading":"default","ocean_post_title":"","ocean_post_subheading":"","ocean_post_title_style":"","ocean_post_title_background_color":"","ocean_post_title_background":0,"ocean_post_title_bg_image_position":"","ocean_post_title_bg_image_attachment":"","ocean_post_title_bg_image_repeat":"","ocean_post_title_bg_image_size":"","ocean_post_title_height":0,"ocean_post_title_bg_overlay":0.5,"ocean_post_title_bg_overlay_color":"","ocean_disable_breadcrumbs":"default","ocean_breadcrumbs_color":"","ocean_breadcrumbs_separator_color":"","ocean_breadcrumbs_links_color":"","ocean_breadcrumbs_links_hover_color":"","ocean_display_footer_widgets":"default","ocean_display_footer_bottom":"default","ocean_custom_footer_template":"0","two_page_speed":[],"footnotes":""},"class_list":["post-48","page","type-page","status-publish","hentry","entry"],"_links":{"self":[{"href":"https:\/\/zavodskofljica.si\/index.php\/wp-json\/wp\/v2\/pages\/48","targetHints":{"allow":["GET"]}}],"collection":[{"href":"https:\/\/zavodskofljica.si\/index.php\/wp-json\/wp\/v2\/pages"}],"about":[{"href":"https:\/\/zavodskofljica.si\/index.php\/wp-json\/wp\/v2\/types\/page"}],"author":[{"embeddable":true,"href":"https:\/\/zavodskofljica.si\/index.php\/wp-json\/wp\/v2\/users\/1"}],"replies":[{"embeddable":true,"href":"https:\/\/zavodskofljica.si\/index.php\/wp-json\/wp\/v2\/comments?post=48"}],"version-history":[{"count":6,"href":"https:\/\/zavodskofljica.si\/index.php\/wp-json\/wp\/v2\/pages\/48\/revisions"}],"predecessor-version":[{"id":194,"href":"https:\/\/zavodskofljica.si\/index.php\/wp-json\/wp\/v2\/pages\/48\/revisions\/194"}],"wp:attachment":[{"href":"https:\/\/zavodskofljica.si\/index.php\/wp-json\/wp\/v2\/media?parent=48"}],"curies":[{"name":"wp","href":"https:\/\/api.w.org\/{rel}","templated":true}]}}