{"id":16,"date":"2025-01-17T07:41:24","date_gmt":"2025-01-17T07:41:24","guid":{"rendered":"https:\/\/zavodskofljica.si\/?page_id=16"},"modified":"2025-10-10T09:40:48","modified_gmt":"2025-10-10T09:40:48","slug":"kontaktni-podatki","status":"publish","type":"page","link":"https:\/\/zavodskofljica.si\/index.php\/kontaktni-podatki\/","title":{"rendered":"Kontaktni podatki"},"content":{"rendered":"<p>Polno ime: Zavod za kulturo, turizem, \u0161port in mladino \u0160kofljica<\/p>\n<p>Skraj\u0161ano ime: Zavod \u0160kofljica<\/p>\n<p>Naslov: \u0160marska cesta 3, 1291 \u0160kofljica<\/p>\n<p>Telefonska \u0161t.: 069411832<\/p>\n<p>Elektronska po\u0161ta: <a href=\"mailto:info@zavodskofljica.si\">info@zavodskofljica.si<\/a><\/p>\n<p>Dav\u010dna \u0161t.: 17824320, nismo dav\u010dni zavezanci<\/p>\n<p>Mati\u010dna \u0161t.: 9750002000<\/p>\n<p>TRR:<br \/>\nSI56 0110 0600 8380 435 (UJP)<br \/>\nSI56 0400 0028 1689 590 (OTP Banka)<\/p>\n<p>&nbsp;<\/p>\n<p>Povezava do celostne grafi\u010dne podobe &#8211; logotip zavoda:<\/p>\n<p><a href=\"https:\/\/zavodskofljica.si\/wp-content\/uploads\/2025\/04\/zavod-skofljica-logo-circle-full-color-cmyk.pdf\">PDF<\/a> (vektorska oblika, CMYK)<\/p>\n<p><a href=\"https:\/\/zavodskofljica.si\/wp-content\/uploads\/2025\/01\/zavod-skofljica-logo-circle-full-color-rgb-1000px-w-72ppi.png\">PNG<\/a> (slikovna oblika, RGB, 1000px, 72ppi, \u00a0transparentno ozadje)<\/p>\n<p>&nbsp;<\/p>\n","protected":false},"excerpt":{"rendered":"<p>Polno ime: Zavod za kulturo, turizem, \u0161port in mladino \u0160kofljica Skraj\u0161ano ime: Zavod \u0160kofljica Naslov: \u0160marska cesta 3, 1291 \u0160kofljica Telefonska \u0161t.: 069411832 Elektronska po\u0161ta: info@zavodskofljica.si Dav\u010dna \u0161t.: 17824320, nismo dav\u010dni zavezanci Mati\u010dna \u0161t.: 9750002000 TRR: SI56 0110 0600 8380 435 (UJP) SI56 0400 0028 1689 590 (OTP Banka) &nbsp; Povezava do celostne grafi\u010dne podobe [&hellip;]<\/p>\n","protected":false},"author":1,"featured_media":0,"parent":0,"menu_order":0,"comment_status":"closed","ping_status":"closed","template":"","meta":{"ocean_post_layout":"","ocean_both_sidebars_style":"","ocean_both_sidebars_content_width":0,"ocean_both_sidebars_sidebars_width":0,"ocean_sidebar":"0","ocean_second_sidebar":"0","ocean_disable_margins":"enable","ocean_add_body_class":"","ocean_shortcode_before_top_bar":"","ocean_shortcode_after_top_bar":"","ocean_shortcode_before_header":"","ocean_shortcode_after_header":"","ocean_has_shortcode":"","ocean_shortcode_after_title":"","ocean_shortcode_before_footer_widgets":"","ocean_shortcode_after_footer_widgets":"","ocean_shortcode_before_footer_bottom":"","ocean_shortcode_after_footer_bottom":"","ocean_display_top_bar":"default","ocean_display_header":"default","ocean_header_style":"","ocean_center_header_left_menu":"0","ocean_custom_header_template":"0","ocean_custom_logo":0,"ocean_custom_retina_logo":0,"ocean_custom_logo_max_width":0,"ocean_custom_logo_tablet_max_width":0,"ocean_custom_logo_mobile_max_width":0,"ocean_custom_logo_max_height":0,"ocean_custom_logo_tablet_max_height":0,"ocean_custom_logo_mobile_max_height":0,"ocean_header_custom_menu":"0","ocean_menu_typo_font_family":"0","ocean_menu_typo_font_subset":"","ocean_menu_typo_font_size":0,"ocean_menu_typo_font_size_tablet":0,"ocean_menu_typo_font_size_mobile":0,"ocean_menu_typo_font_size_unit":"px","ocean_menu_typo_font_weight":"","ocean_menu_typo_font_weight_tablet":"","ocean_menu_typo_font_weight_mobile":"","ocean_menu_typo_transform":"","ocean_menu_typo_transform_tablet":"","ocean_menu_typo_transform_mobile":"","ocean_menu_typo_line_height":0,"ocean_menu_typo_line_height_tablet":0,"ocean_menu_typo_line_height_mobile":0,"ocean_menu_typo_line_height_unit":"","ocean_menu_typo_spacing":0,"ocean_menu_typo_spacing_tablet":0,"ocean_menu_typo_spacing_mobile":0,"ocean_menu_typo_spacing_unit":"","ocean_menu_link_color":"","ocean_menu_link_color_hover":"","ocean_menu_link_color_active":"","ocean_menu_link_background":"","ocean_menu_link_hover_background":"","ocean_menu_link_active_background":"","ocean_menu_social_links_bg":"","ocean_menu_social_hover_links_bg":"","ocean_menu_social_links_color":"","ocean_menu_social_hover_links_color":"","ocean_disable_title":"default","ocean_disable_heading":"default","ocean_post_title":"","ocean_post_subheading":"","ocean_post_title_style":"","ocean_post_title_background_color":"","ocean_post_title_background":0,"ocean_post_title_bg_image_position":"","ocean_post_title_bg_image_attachment":"","ocean_post_title_bg_image_repeat":"","ocean_post_title_bg_image_size":"","ocean_post_title_height":0,"ocean_post_title_bg_overlay":0.5,"ocean_post_title_bg_overlay_color":"","ocean_disable_breadcrumbs":"default","ocean_breadcrumbs_color":"","ocean_breadcrumbs_separator_color":"","ocean_breadcrumbs_links_color":"","ocean_breadcrumbs_links_hover_color":"","ocean_display_footer_widgets":"default","ocean_display_footer_bottom":"default","ocean_custom_footer_template":"0","two_page_speed":[],"footnotes":""},"class_list":["post-16","page","type-page","status-publish","hentry","entry"],"_links":{"self":[{"href":"https:\/\/zavodskofljica.si\/index.php\/wp-json\/wp\/v2\/pages\/16","targetHints":{"allow":["GET"]}}],"collection":[{"href":"https:\/\/zavodskofljica.si\/index.php\/wp-json\/wp\/v2\/pages"}],"about":[{"href":"https:\/\/zavodskofljica.si\/index.php\/wp-json\/wp\/v2\/types\/page"}],"author":[{"embeddable":true,"href":"https:\/\/zavodskofljica.si\/index.php\/wp-json\/wp\/v2\/users\/1"}],"replies":[{"embeddable":true,"href":"https:\/\/zavodskofljica.si\/index.php\/wp-json\/wp\/v2\/comments?post=16"}],"version-history":[{"count":6,"href":"https:\/\/zavodskofljica.si\/index.php\/wp-json\/wp\/v2\/pages\/16\/revisions"}],"predecessor-version":[{"id":305,"href":"https:\/\/zavodskofljica.si\/index.php\/wp-json\/wp\/v2\/pages\/16\/revisions\/305"}],"wp:attachment":[{"href":"https:\/\/zavodskofljica.si\/index.php\/wp-json\/wp\/v2\/media?parent=16"}],"curies":[{"name":"wp","href":"https:\/\/api.w.org\/{rel}","templated":true}]}}